{"id":20157,"date":"2026-02-05T14:37:57","date_gmt":"2026-02-05T13:37:57","guid":{"rendered":"https:\/\/www.livresentre2actions.fr\/?post_type=product&#038;p=20157"},"modified":"2026-04-05T14:39:36","modified_gmt":"2026-04-05T12:39:36","slug":"20157","status":"publish","type":"product","link":"https:\/\/www.livresentre2actions.fr\/fr_fr\/produit\/20157\/","title":{"rendered":"Le Pal\u00e9olithique inf\u00e9rieur et moyen du Midi m\u00e9diterran\u00e9en dans son cadre g\u00e9ologique"},"content":{"rendered":"<p>Le Pal\u00e9olithique inf\u00e9rieur et moyen du Midi m\u00e9diterran\u00e9en dans son cadre g\u00e9ologique, Tomes I et II \u2013 V\u00e8me suppl\u00e9ment \u00e0 \u00ab\u00a0Gallia Pr\u00e9histoire\u00a0\u00bb<\/p>\n<p>Henry de Lumley-Woodyear &#8211; CNRS<\/p>\n<p>Broch\u00e9, 250 x 222, T1, Ligurie \u2013 Provence, 463p. 1969. T2, Bas-Languedoc \u2013 Roussilon \u2013 Catalogne, 443p. In fine, table des deux tomes, 1971. Nombreuses illustrations et 11 planches d\u00e9pliants au total. Ex-libris manuscrit au verso des deux couvertures. Int\u00e9rieur tr\u00e8s frais pour les deux volumes, propres. Couvertures et dos l\u00e9g\u00e8rement insol\u00e9s\u00a0: avec, au T1, une tache en couverture\u00a0et t\u00eate de dos l\u00e9g\u00e8rement cogn\u00e9e\u00a0; T2, nombreuses taches en couvertures, notamment rousses au dos, et une petite d\u00e9chirure sans manque en pied de dos. Henry de Lumley-Woodyear est notamment le d\u00e9couvreur de l\u2019homme de Tautavel.<\/p>\n","protected":false},"excerpt":{"rendered":"<p>Le Pal\u00e9olithique inf\u00e9rieur et moyen du Midi m\u00e9diterran\u00e9en dans son cadre g\u00e9ologique, Tomes I et II \u2013 V\u00e8me suppl\u00e9ment \u00e0 \u00ab\u00a0Gallia Pr\u00e9histoire\u00a0\u00bb Henry de Lumley-Woodyear &#8211; CNRS Broch\u00e9, 250 x 222, T1, Ligurie \u2013 Provence, 463p. 1969. T2, Bas-Languedoc \u2013 Roussilon \u2013 Catalogne, 443p. In fine, table des deux tomes, 1971. Nombreuses illustrations et 11 &#8230; <a title=\"Le Pal\u00e9olithique inf\u00e9rieur et moyen du Midi m\u00e9diterran\u00e9en dans son cadre g\u00e9ologique\" class=\"read-more\" href=\"https:\/\/www.livresentre2actions.fr\/fr_fr\/produit\/20157\/\" aria-label=\"En savoir plus sur Le Pal\u00e9olithique inf\u00e9rieur et moyen du Midi m\u00e9diterran\u00e9en dans son cadre g\u00e9ologique\">Lire plus<\/a><\/p>\n","protected":false},"featured_media":20158,"template":"","meta":{"_eb_attr":""},"product_brand":[],"product_cat":[37,71,73],"product_tag":[],"class_list":{"0":"post-20157","1":"product","2":"type-product","3":"status-publish","4":"has-post-thumbnail","6":"product_cat-a-partir-du-xxeme-siecle","7":"product_cat-illustres-modernes-editions-originales-signees-numerotees","8":"product_cat-histoires-et-recits-de-voyage","9":"sales-flash-overlay","10":"woocommerce-text-align-center","11":"woocommerce-image-align-center","12":"wc-has-gallery","14":"first","15":"instock","16":"taxable","17":"shipping-taxable","18":"purchasable","19":"product-type-simple"},"aioseo_notices":[],"_links":{"self":[{"href":"https:\/\/www.livresentre2actions.fr\/fr_fr\/wp-json\/wp\/v2\/product\/20157","targetHints":{"allow":["GET"]}}],"collection":[{"href":"https:\/\/www.livresentre2actions.fr\/fr_fr\/wp-json\/wp\/v2\/product"}],"about":[{"href":"https:\/\/www.livresentre2actions.fr\/fr_fr\/wp-json\/wp\/v2\/types\/product"}],"wp:featuredmedia":[{"embeddable":true,"href":"https:\/\/www.livresentre2actions.fr\/fr_fr\/wp-json\/wp\/v2\/media\/20158"}],"wp:attachment":[{"href":"https:\/\/www.livresentre2actions.fr\/fr_fr\/wp-json\/wp\/v2\/media?parent=20157"}],"wp:term":[{"taxonomy":"product_brand","embeddable":true,"href":"https:\/\/www.livresentre2actions.fr\/fr_fr\/wp-json\/wp\/v2\/product_brand?post=20157"},{"taxonomy":"product_cat","embeddable":true,"href":"https:\/\/www.livresentre2actions.fr\/fr_fr\/wp-json\/wp\/v2\/product_cat?post=20157"},{"taxonomy":"product_tag","embeddable":true,"href":"https:\/\/www.livresentre2actions.fr\/fr_fr\/wp-json\/wp\/v2\/product_tag?post=20157"}],"curies":[{"name":"wp","href":"https:\/\/api.w.org\/{rel}","templated":true}]}}

Le Paléolithique inférieur et moyen du Midi méditerranéen dans son cadre géologique

<p>Le Paléolithique inférieur et moyen du Midi méditerranéen dans son cadre géologique, Tomes I et II – Vème supplément à « Gallia Préhistoire »</p>
<p>Henry de Lumley-Woodyear &#8211; CNRS</p>
<p>Broché, 250 x 222, T1, Ligurie – Provence, 463p. 1969. T2, Bas-Languedoc – Roussilon – Catalogne, 443p. In fine, table des deux tomes, 1971. Nombreuses illustrations et 11 planches dépliants au total. Ex-libris manuscrit au verso des deux couvertures. Intérieur très frais pour les deux volumes, propres. Couvertures et dos légèrement insolés : avec, au T1, une tache en couverture et tête de dos légèrement cognée ; T2, nombreuses taches en couvertures, notamment rousses au dos, et une petite déchirure sans manque en pied de dos. Henry de Lumley-Woodyear est notamment le découvreur de l’homme de Tautavel.</p>

<p>Le Paléolithique inférieur et moyen du Midi méditerranéen dans son cadre géologique, Tomes I et II – Vème supplément à « Gallia Préhistoire » Henry de Lumley-Woodyear &#8211; CNRS Broché, 250 x 222, T1, Ligurie – Provence, 463p. 1969. T2, Bas-Languedoc – Roussilon – Catalogne, 443p. In fine, table des deux tomes, 1971. Nombreuses illustrations et 11 &#8230; <a title="Le Paléolithique inférieur et moyen du Midi méditerranéen dans son cadre géologique" class="read-more" href="https://www.livresentre2actions.fr/fr_fr/produit/20157/" aria-label="En savoir plus sur Le Paléolithique inférieur et moyen du Midi méditerranéen dans son cadre géologique">Lire plus</a></p>
