{"id":19325,"date":"2026-03-13T17:22:25","date_gmt":"2026-03-13T16:22:25","guid":{"rendered":"https:\/\/www.livresentre2actions.fr\/?post_type=product&#038;p=19325"},"modified":"2026-03-13T17:22:25","modified_gmt":"2026-03-13T16:22:25","slug":"gravure-medaille-decernee-a-jules-anspach","status":"publish","type":"product","link":"https:\/\/www.livresentre2actions.fr\/fr_fr\/produit\/gravure-medaille-decernee-a-jules-anspach\/","title":{"rendered":"Gravure &#8211; M\u00e9daille d\u00e9cern\u00e9e \u00e0 Jules Anspach"},"content":{"rendered":"<p>Gravure &#8211; M\u00e9daille d\u00e9cern\u00e9e \u00e0 Jules Anspach, 2 juin 1872 Bourgmestre de Bruxelles et Inauguration des arches de la Seine, 30 novembre 1871<\/p>\n<p>M\u00e9daille r\u00e9alis\u00e9e Charles Wiener (1832-1887), sculpteur et m\u00e9dailleur belge<\/p>\n<p>Gravure par C. Onghena (1806-1886)<\/p>\n<p>Feuillet 228 x 173, et 200 x 133 pour la gravure.<\/p>\n<p>Jules Anspach, n\u00e9 \u00e0 Bruxelles en 1829 et mort en 1879, fut surnomm\u00e9 le \u00ab Haussmann bruxellois.<\/p>\n","protected":false},"excerpt":{"rendered":"<p>Gravure &#8211; M\u00e9daille d\u00e9cern\u00e9e \u00e0 Jules Anspach, 2 juin 1872 Bourgmestre de Bruxelles et Inauguration des arches de la Seine, 30 novembre 1871 M\u00e9daille r\u00e9alis\u00e9e Charles Wiener (1832-1887), sculpteur et m\u00e9dailleur belge Gravure par C. Onghena (1806-1886) Feuillet 228 x 173, et 200 x 133 pour la gravure. Jules Anspach, n\u00e9 \u00e0 Bruxelles en 1829 &#8230; <a title=\"Gravure &#8211; M\u00e9daille d\u00e9cern\u00e9e \u00e0 Jules Anspach\" class=\"read-more\" href=\"https:\/\/www.livresentre2actions.fr\/fr_fr\/produit\/gravure-medaille-decernee-a-jules-anspach\/\" aria-label=\"En savoir plus sur Gravure &#8211; M\u00e9daille d\u00e9cern\u00e9e \u00e0 Jules Anspach\">Lire plus<\/a><\/p>\n","protected":false},"featured_media":19326,"template":"","meta":{"_eb_attr":""},"product_brand":[],"product_cat":[36,75,74,229,81],"product_tag":[],"class_list":{"0":"post-19325","1":"product","2":"type-product","3":"status-publish","4":"has-post-thumbnail","6":"product_cat-entre-le-xviiieme-et-le-xixeme-siecle","7":"product_cat-art","8":"product_cat-collections","9":"product_cat-gravures-toute-epoque","10":"product_cat-hauts-de-france","11":"sales-flash-overlay","12":"woocommerce-text-align-center","13":"woocommerce-image-align-center","14":"wc-has-gallery","16":"first","17":"instock","18":"taxable","19":"shipping-taxable","20":"purchasable","21":"product-type-simple"},"aioseo_notices":[],"_links":{"self":[{"href":"https:\/\/www.livresentre2actions.fr\/fr_fr\/wp-json\/wp\/v2\/product\/19325","targetHints":{"allow":["GET"]}}],"collection":[{"href":"https:\/\/www.livresentre2actions.fr\/fr_fr\/wp-json\/wp\/v2\/product"}],"about":[{"href":"https:\/\/www.livresentre2actions.fr\/fr_fr\/wp-json\/wp\/v2\/types\/product"}],"wp:featuredmedia":[{"embeddable":true,"href":"https:\/\/www.livresentre2actions.fr\/fr_fr\/wp-json\/wp\/v2\/media\/19326"}],"wp:attachment":[{"href":"https:\/\/www.livresentre2actions.fr\/fr_fr\/wp-json\/wp\/v2\/media?parent=19325"}],"wp:term":[{"taxonomy":"product_brand","embeddable":true,"href":"https:\/\/www.livresentre2actions.fr\/fr_fr\/wp-json\/wp\/v2\/product_brand?post=19325"},{"taxonomy":"product_cat","embeddable":true,"href":"https:\/\/www.livresentre2actions.fr\/fr_fr\/wp-json\/wp\/v2\/product_cat?post=19325"},{"taxonomy":"product_tag","embeddable":true,"href":"https:\/\/www.livresentre2actions.fr\/fr_fr\/wp-json\/wp\/v2\/product_tag?post=19325"}],"curies":[{"name":"wp","href":"https:\/\/api.w.org\/{rel}","templated":true}]}}

Gravure &#8211; Médaille décernée à Jules Anspach

<p>Gravure &#8211; Médaille décernée à Jules Anspach, 2 juin 1872 Bourgmestre de Bruxelles et Inauguration des arches de la Seine, 30 novembre 1871</p>
<p>Médaille réalisée Charles Wiener (1832-1887), sculpteur et médailleur belge</p>
<p>Gravure par C. Onghena (1806-1886)</p>
<p>Feuillet 228 x 173, et 200 x 133 pour la gravure.</p>
<p>Jules Anspach, né à Bruxelles en 1829 et mort en 1879, fut surnommé le « Haussmann bruxellois.</p>

<p>Gravure &#8211; Médaille décernée à Jules Anspach, 2 juin 1872 Bourgmestre de Bruxelles et Inauguration des arches de la Seine, 30 novembre 1871 Médaille réalisée Charles Wiener (1832-1887), sculpteur et médailleur belge Gravure par C. Onghena (1806-1886) Feuillet 228 x 173, et 200 x 133 pour la gravure. Jules Anspach, né à Bruxelles en 1829 &#8230; <a title="Gravure &#8211; Médaille décernée à Jules Anspach" class="read-more" href="https://www.livresentre2actions.fr/fr_fr/produit/gravure-medaille-decernee-a-jules-anspach/" aria-label="En savoir plus sur Gravure &#8211; Médaille décernée à Jules Anspach">Lire plus</a></p>
