{"id":20008,"date":"2026-01-02T16:52:19","date_gmt":"2026-01-02T15:52:19","guid":{"rendered":"https:\/\/www.livresentre2actions.fr\/?post_type=product&#038;p=20008"},"modified":"2026-04-02T17:13:01","modified_gmt":"2026-04-02T15:13:01","slug":"la-journee-de-sedan-le-general-ducrot","status":"publish","type":"product","link":"https:\/\/www.livresentre2actions.fr\/en\/product\/la-journee-de-sedan-le-general-ducrot\/","title":{"rendered":"La journ\u00e9e de Sedan &#8211; Le G\u00e9n\u00e9ral Ducrot"},"content":{"rendered":"<p>E. Dentu Libraire \u00e9diteur &#8211; Demi-veau vert, dos long orn\u00e9 du titre et de frise, 250 x 161, 159p. 1871. Premi\u00e8re \u00e9dition. Avec deux cartes d\u00e9pliantes in fine du Champ de bataille de Sedan (rousseurs l\u00e9g\u00e8res, 2 d\u00e9chirures sans manque dont une \u00e0 un pli pour chaque carte). Int\u00e9rieur propre, rousseurs marginales. Coins, champs et plats frott\u00e9s\u00a0; demi-veau frott\u00e9 avec \u00e9pidermures, marqu\u00e9es en coiffe et queue\u00a0; queue avec un petit manque. Bon exemplaire bien ferme.<\/p>","protected":false},"excerpt":{"rendered":"<p>E. Dentu Libraire \u00e9diteur &#8211; Demi-veau vert, dos long orn\u00e9 du titre et de frise, 250 x 161, 159p. 1871. Premi\u00e8re \u00e9dition. Avec deux cartes d\u00e9pliantes in fine du Champ de bataille de Sedan (rousseurs l\u00e9g\u00e8res, 2 d\u00e9chirures sans manque dont une \u00e0 un pli pour chaque carte). Int\u00e9rieur propre, rousseurs marginales. Coins, champs et &#8230; <a title=\"La journ\u00e9e de Sedan &#8211; Le G\u00e9n\u00e9ral Ducrot\" class=\"read-more\" href=\"https:\/\/www.livresentre2actions.fr\/en\/product\/la-journee-de-sedan-le-general-ducrot\/\" aria-label=\"Read more about La journ\u00e9e de Sedan &#8211; Le G\u00e9n\u00e9ral Ducrot\">Read more<\/a><\/p>","protected":false},"featured_media":20009,"template":"","meta":{"_eb_attr":""},"product_brand":[],"product_cat":[36,71,73],"product_tag":[],"class_list":{"0":"post-20008","1":"product","2":"type-product","3":"status-publish","4":"has-post-thumbnail","6":"product_cat-entre-le-xviiieme-et-le-xixeme-siecle","7":"product_cat-illustres-modernes-editions-originales-signees-numerotees","8":"product_cat-histoires-et-recits-de-voyage","9":"sales-flash-overlay","10":"woocommerce-text-align-center","11":"woocommerce-image-align-center","12":"wc-has-gallery","14":"first","15":"instock","16":"taxable","17":"shipping-taxable","18":"purchasable","19":"product-type-simple"},"aioseo_notices":[],"_links":{"self":[{"href":"https:\/\/www.livresentre2actions.fr\/en\/wp-json\/wp\/v2\/product\/20008","targetHints":{"allow":["GET"]}}],"collection":[{"href":"https:\/\/www.livresentre2actions.fr\/en\/wp-json\/wp\/v2\/product"}],"about":[{"href":"https:\/\/www.livresentre2actions.fr\/en\/wp-json\/wp\/v2\/types\/product"}],"wp:featuredmedia":[{"embeddable":true,"href":"https:\/\/www.livresentre2actions.fr\/en\/wp-json\/wp\/v2\/media\/20009"}],"wp:attachment":[{"href":"https:\/\/www.livresentre2actions.fr\/en\/wp-json\/wp\/v2\/media?parent=20008"}],"wp:term":[{"taxonomy":"product_brand","embeddable":true,"href":"https:\/\/www.livresentre2actions.fr\/en\/wp-json\/wp\/v2\/product_brand?post=20008"},{"taxonomy":"product_cat","embeddable":true,"href":"https:\/\/www.livresentre2actions.fr\/en\/wp-json\/wp\/v2\/product_cat?post=20008"},{"taxonomy":"product_tag","embeddable":true,"href":"https:\/\/www.livresentre2actions.fr\/en\/wp-json\/wp\/v2\/product_tag?post=20008"}],"curies":[{"name":"wp","href":"https:\/\/api.w.org\/{rel}","templated":true}]}}

La journée de Sedan &#8211; Le Général Ducrot

<p>E. Dentu Libraire éditeur &#8211; Demi-veau vert, dos long orné du titre et de frise, 250 x 161, 159p. 1871. Première édition. Avec deux cartes dépliantes in fine du Champ de bataille de Sedan (rousseurs légères, 2 déchirures sans manque dont une à un pli pour chaque carte). Intérieur propre, rousseurs marginales. Coins, champs et plats frottés ; demi-veau frotté avec épidermures, marquées en coiffe et queue ; queue avec un petit manque. Bon exemplaire bien ferme.</p>

<p>E. Dentu Libraire éditeur &#8211; Demi-veau vert, dos long orné du titre et de frise, 250 x 161, 159p. 1871. Première édition. Avec deux cartes dépliantes in fine du Champ de bataille de Sedan (rousseurs légères, 2 déchirures sans manque dont une à un pli pour chaque carte). Intérieur propre, rousseurs marginales. Coins, champs et &#8230; <a title="La journée de Sedan &#8211; Le Général Ducrot" class="read-more" href="https://www.livresentre2actions.fr/en/product/la-journee-de-sedan-le-general-ducrot/" aria-label="Read more about La journée de Sedan &#8211; Le Général Ducrot">Read more</a></p>
